{"id":1142,"date":"2026-01-22T17:14:14","date_gmt":"2026-01-22T16:14:14","guid":{"rendered":"http:\/\/fibercompositi.xn--ok-6ia.it\/?page_id=1142"},"modified":"2026-01-22T17:14:14","modified_gmt":"2026-01-22T16:14:14","slug":"meccanotessile","status":"publish","type":"page","link":"https:\/\/www.fibercompositi.it\/it\/mercati\/meccanotessile\/","title":{"rendered":"Meccanotessile"},"content":{"rendered":"<p>Il settore meccanotessile \u00e8 il fiore all\u2019occhiello della nostra produzione. Ogni prodotto \u00e8 frutto di esperienza e passione che si applica quotidianamente ad ogni tipo di necessit\u00e0, garantendo alta qualit\u00e0 e prestazioni.<\/p>\n","protected":false},"excerpt":{"rendered":"<p>Il settore meccanotessile \u00e8 il fiore all\u2019occhiello della nostra produzione. Ogni prodotto \u00e8 frutto di esperienza e passione che si applica quotidianamente ad ogni tipo di necessit\u00e0, garantendo alta qualit\u00e0 e prestazioni.<\/p>\n","protected":false},"author":1,"featured_media":0,"parent":14,"menu_order":10,"comment_status":"closed","ping_status":"closed","template":"tpl-mercato.php","meta":{"_acf_changed":false,"footnotes":""},"class_list":["post-1142","page","type-page","status-publish","hentry","no-content-parts"],"acf":[],"_links":{"self":[{"href":"https:\/\/www.fibercompositi.it\/it\/wp-json\/wp\/v2\/pages\/1142","targetHints":{"allow":["GET"]}}],"collection":[{"href":"https:\/\/www.fibercompositi.it\/it\/wp-json\/wp\/v2\/pages"}],"about":[{"href":"https:\/\/www.fibercompositi.it\/it\/wp-json\/wp\/v2\/types\/page"}],"author":[{"embeddable":true,"href":"https:\/\/www.fibercompositi.it\/it\/wp-json\/wp\/v2\/users\/1"}],"replies":[{"embeddable":true,"href":"https:\/\/www.fibercompositi.it\/it\/wp-json\/wp\/v2\/comments?post=1142"}],"version-history":[{"count":3,"href":"https:\/\/www.fibercompositi.it\/it\/wp-json\/wp\/v2\/pages\/1142\/revisions"}],"predecessor-version":[{"id":1153,"href":"https:\/\/www.fibercompositi.it\/it\/wp-json\/wp\/v2\/pages\/1142\/revisions\/1153"}],"up":[{"embeddable":true,"href":"https:\/\/www.fibercompositi.it\/it\/wp-json\/wp\/v2\/pages\/14"}],"wp:attachment":[{"href":"https:\/\/www.fibercompositi.it\/it\/wp-json\/wp\/v2\/media?parent=1142"}],"curies":[{"name":"wp","href":"https:\/\/api.w.org\/{rel}","templated":true}]}}

<p>Il settore meccanotessile è il fiore all’occhiello della nostra produzione. Ogni prodotto è frutto di esperienza e passione che si applica quotidianamente ad ogni tipo di necessità, garantendo alta qualità e prestazioni.</p>
